{"id":3,"date":"2026-02-23T15:20:37","date_gmt":"2026-02-23T15:20:37","guid":{"rendered":"http:\/\/model3d.fr\/?page_id=3"},"modified":"2026-02-25T16:04:43","modified_gmt":"2026-02-25T16:04:43","slug":"privacy-policy","status":"publish","type":"page","link":"http:\/\/model3d.fr\/?page_id=3","title":{"rendered":"Politique de confidentialit\u00e9"},"content":{"rendered":"\n<p>La protection de votre vie priv\u00e9e est primordiale aux yeux de Model3D. Nous veillons \u00e0 la protection de votre vie priv\u00e9e lors de vos visites sur notre site Internet ou des commandes que vous passez en ligne.<\/p>\n\n\n\n<p>Model3D fournit des produits et services et agit en qualit\u00e9 de Responsable du traitement des donn\u00e9es \u00e0 caract\u00e8re personnel que vous communiquez lorsque vous passez commande.<br>Vous pouvez contacter le D\u00e9l\u00e9gu\u00e9 \u00e0 la protection des donn\u00e9es de Model3D gr\u00e2ce au formulaire de contact qui se trouve au bas de cette page.<\/p>\n\n\n\n<p>La pr\u00e9sente Politique de confidentialit\u00e9 d\u00e9finit la mani\u00e8re dont les donn\u00e9es \u00e0 caract\u00e8re personnel vous concernant sont collect\u00e9es, trait\u00e9es et partag\u00e9es lorsque vous visitez le site ou passez commande sur model3d.fr.<\/p>\n\n\n\n<h2 class=\"wp-block-heading\"><strong>Nature des donn\u00e9es \u00e0 caract\u00e8re personnel que nous collectons<\/strong><\/h2>\n\n\n\n<p>Lorsque vous r\u00e9alisez ou essayez de r\u00e9aliser un achat via le Site Internet, nous collectons certaines donn\u00e9es vous concernant, notamment votre nom, votre adresse de facturation, votre adresse de livraison, vos informations de paiement (y compris les num\u00e9ros de carte de cr\u00e9dit), votre adresse e-mail et votre num\u00e9ro de t\u00e9l\u00e9phone. Ces informations sont d\u00e9nomm\u00e9es \u00ab&nbsp;Informations relatives \u00e0 la commande&nbsp;\u00bb.<\/p>\n\n\n\n<p>Lorsque vous visitez le Site Internet, nous collectons automatiquement certaines informations sur votre appareil, y compris des donn\u00e9es concernant votre navigateur Internet, votre adresse IP, votre fuseau horaire et certains cookies install\u00e9s sur votre appareil. En outre, lorsque vous naviguez sur le Site Internet, nous collectons des informations sur les pages ou les produits sp\u00e9cifiques que vous consultez, les sites ou termes de recherche qui vous ont redirig\u00e9s vers le Site Internet, ainsi que des donn\u00e9es sur la mani\u00e8re dont vous interagissez avec le Site Internet. Ces donn\u00e9es collect\u00e9es de mani\u00e8re automatis\u00e9e sont d\u00e9nomm\u00e9es \u00ab&nbsp;Informations relatives \u00e0 l&rsquo;appareil&nbsp;\u00bb.<\/p>\n\n\n\n<p>Nous collectons des Informations relatives \u00e0 l&rsquo;appareil en utilisant les technologies suivantes&nbsp;:<\/p>\n\n\n\n<ul class=\"wp-block-list\">\n<li>Les \u00ab&nbsp;cookies&nbsp;\u00bb sont des fichiers de donn\u00e9es qui sont plac\u00e9s sur votre appareil ou votre ordinateur&nbsp;; ils contiennent g\u00e9n\u00e9ralement un identifiant unique anonyme. Pour plus d&rsquo;informations relatives aux cookies et aux modalit\u00e9s de d\u00e9sactivation des cookies, consultez le site&nbsp;<a href=\"https:\/\/www.allaboutcookies.org\/\" target=\"_blank\" rel=\"noreferrer noopener\">allaboutcookies.org<\/a>.<\/li>\n\n\n\n<li>Les \u00ab&nbsp;fichiers journaux&nbsp;\u00bb suivent les activit\u00e9s r\u00e9alis\u00e9es sur le Site Internet et collectent des donn\u00e9es, y compris votre adresse IP, le type de navigateur que vous utilisez, votre fournisseur d&rsquo;acc\u00e8s Internet, les pages d&rsquo;entr\u00e9e\/de sortie et les horodatages.<\/li>\n\n\n\n<li>Les \u00ab&nbsp;balises&nbsp;\u00bb ou \u00ab&nbsp;pixels&nbsp;\u00bb sont des fichiers \u00e9lectroniques utilis\u00e9s pour enregistrer des informations sur la mani\u00e8re dont vous naviguez sur le Site Internet.<\/li>\n<\/ul>\n\n\n\n<h2 class=\"wp-block-heading\"><strong>Modalit\u00e9s du traitement de vos donn\u00e9es \u00e0 caract\u00e8re personnel<\/strong><\/h2>\n\n\n\n<p>Les Informations relatives \u00e0 la commande sont g\u00e9n\u00e9ralement trait\u00e9es aux fins de l&rsquo;ex\u00e9cution des commandes pass\u00e9es sur le Site Internet (y compris aux fins du traitement de vos informations de paiement, de la gestion des modalit\u00e9s d&rsquo;exp\u00e9dition et de l&rsquo;\u00e9mission des factures et\/ou de la confirmation des commandes). De plus, ces Informations relatives \u00e0 la commande sont trait\u00e9es afin de&nbsp;:<\/p>\n\n\n\n<ul class=\"wp-block-list\">\n<li>communiquer avec vous&nbsp;;<\/li>\n\n\n\n<li>contr\u00f4ler les commandes afin de d\u00e9tecter les risques ou fraudes \u00e9ventuelles et<\/li>\n\n\n\n<li>vous adresser des communications informatives ou publicitaires concernant nos produits et services si ces communications sont conformes aux pr\u00e9f\u00e9rences que vous nous avez partag\u00e9es.<\/li>\n<\/ul>\n\n\n\n<p>Nous traitons vos donn\u00e9es afin de remplir nos obligations contractuelles \u00e0 votre \u00e9gard (par exemple en cas de commande sur notre Site Internet), ou pour d\u00e9fendre de toute autre fa\u00e7on nos int\u00e9r\u00eats commerciaux l\u00e9gitimes tels qu&rsquo;\u00e9num\u00e9r\u00e9s ci-dessus.<\/p>\n\n\n\n<p>La collecte des Informations relatives \u00e0 l&rsquo;appareil (en particulier votre adresse IP) nous permet de d\u00e9tecter des risques et fraudes \u00e9ventuelles, et plus g\u00e9n\u00e9ralement d&rsquo;am\u00e9liorer et d&rsquo;optimiser le Site Internet (en g\u00e9n\u00e9rant par exemple une analys\u00e9e des donn\u00e9es relatives \u00e0 la mani\u00e8re dont nos utilisateurs naviguent et interagissent avec le Site Internet), et pour \u00e9valuer l&rsquo;impact de nos campagnes marketing et publicitaires).<\/p>\n\n\n\n<h2 class=\"wp-block-heading\"><strong>Partage des donn\u00e9es \u00e0 caract\u00e8re personnel vous concernant<\/strong><\/h2>\n\n\n\n<p>Nous partageons les donn\u00e9es \u00e0 caract\u00e8re personnel vous concernant avec des tiers afin de pouvoir les traiter conform\u00e9ment aux conditions d\u00e9finies ci-dessus. Par exemple, nous utilisons Shopify pour am\u00e9liorer notre boutique en ligne. Nous utilisons \u00e9galement Google Analytics pour comprendre la mani\u00e8re dont nos clients utilisent le Site Internet. Pour plus d&rsquo;informations sur la fa\u00e7on dont Google utilise vos donn\u00e9es \u00e0 caract\u00e8re personnel, cliquez\u00a0<a href=\"https:\/\/www.google.com\/intl\/en\/policies\/privacy\/\" target=\"_blank\" rel=\"noreferrer noopener\">ici<\/a>. Vous pouvez \u00e9galement d\u00e9sactiver Google Analytics en cliquant\u00a0<a href=\"https:\/\/tools.google.com\/dlpage\/gaoptout\" target=\"_blank\" rel=\"noreferrer noopener\">ici<\/a>.<\/p>\n\n\n\n<p>Nous sommes susceptibles de partager des donn\u00e9es dans le cadre de contrats conclus avec des prestataires de services qui contribuent \u00e0 certaines de nos activit\u00e9s. Ces contrats stipulent que les prestataires en question sont en droit de traiter les donn\u00e9es vous concernant uniquement aux fins des prestations qu&rsquo;ils ex\u00e9cutent pour notre compte et s&rsquo;interdisent de les utiliser pour leur b\u00e9n\u00e9fice propre.<\/p>\n\n\n\n<p>De m\u00eame, nous sommes susceptibles de divulguer des donn\u00e9es \u00e0 caract\u00e8re personnel vous concernant afin de r\u00e9pondre \u00e0 une exigence l\u00e9gale ou r\u00e9glementaire, \u00e0 une citation \u00e0 compara\u00eetre, \u00e0 un mandat de perquisition et\/ou \u00e0 toute autre demande d&rsquo;informations l\u00e9gitime que nous recevons, ou pour prot\u00e9ger nos droits de toute autre mani\u00e8re.<\/p>\n\n\n\n<h2 class=\"wp-block-heading\"><strong>Transfert international des donn\u00e9es<\/strong><\/h2>\n\n\n\n<p>Nous sommes susceptibles de transf\u00e9rer les donn\u00e9es collect\u00e9es vous concernant \u00e0 des tiers agissant pour notre compte situ\u00e9s dans des pays hors de l&rsquo;Espace \u00e9conomique europ\u00e9en (\u00ab&nbsp;EEE&nbsp;\u00bb) ou dans des pays consid\u00e9r\u00e9s par la Commission europ\u00e9enne comme offrant un niveau de protection des donn\u00e9es ad\u00e9quat. Il est possible que ces autres pays n&rsquo;offrent pas le m\u00eame niveau de protection aux donn\u00e9es collect\u00e9es vous concernant&nbsp;; toutefois, nous continuerons \u00e0 collecter, stocker et traiter les donn\u00e9es vous concernant en tout temps conform\u00e9ment \u00e0 la pr\u00e9sente Politique de confidentialit\u00e9 et \u00e0 la l\u00e9gislation applicable en mati\u00e8re de protection des donn\u00e9es. Nous veillerons \u00e0 ce que les donn\u00e9es ne soient partag\u00e9es qu&rsquo;avec des organisations offrant un niveau de protection des donn\u00e9es appropri\u00e9 conform\u00e9ment \u00e0 la l\u00e9gislation applicable en mati\u00e8re de protection des donn\u00e9es et \u00e0 ce que des accords contractuels satisfaisants soient conclus avec ces parties.<\/p>\n\n\n\n<h2 class=\"wp-block-heading\"><strong>Vos droits<\/strong><\/h2>\n\n\n\n<p>Si vous \u00eates soumis au RGPD, vous disposez d&rsquo;un droit d&rsquo;acc\u00e8s aux donn\u00e9es \u00e0 caract\u00e8re personnel que nous d\u00e9tenons vous concernant et d&rsquo;un droit de rectification, de mise \u00e0 jour et d&rsquo;effacement de ces donn\u00e9es&nbsp;; vous disposez \u00e9galement du droit de demander l&rsquo;arr\u00eat du traitement des donn\u00e9es vous concernant, de vous opposer au profilage et au traitement automatis\u00e9 des donn\u00e9es vous concernant&nbsp;; vous disposez en outre du droit \u00e0 la limitation du traitement et au transfert de vos donn\u00e9es (droit \u00e0 la portabilit\u00e9) dans certaines circonstances. Pour exercer un de ces droits, veuillez nous contacter aux coordonn\u00e9es figurant ci-dessous.<\/p>\n\n\n\n<p>Vous avez le droit \u00e0 tout moment de retirer votre consentement au traitement des donn\u00e9es vous concernant dont la base l\u00e9gale est votre consentement, en contactant le D\u00e9l\u00e9gu\u00e9 \u00e0 la protection des donn\u00e9es (DPO) \u00e0 l&rsquo;adresse indiqu\u00e9e.<\/p>\n\n\n\n<p>Pour exercer un de ces droits, veuillez nous contacter gr\u00e2ce au formulaire de contact figurant ci-dessous.<\/p>\n\n\n\n<p>Vous disposez \u00e9galement du droit d&rsquo;introduire une r\u00e9clamation aupr\u00e8s de l&rsquo;autorit\u00e9 de contr\u00f4le comp\u00e9tente.<br>La liste des autorit\u00e9s comp\u00e9tentes de chaque pays figure sur le&nbsp;<a href=\"https:\/\/ec.europa.eu\/newsroom\/article29\/item-detail.cfm?item_id=612080\" rel=\"noreferrer noopener\" target=\"_blank\">site Internet de la Commission Europ\u00e9enne<\/a>.<\/p>\n\n\n\n<h2 class=\"wp-block-heading\"><strong>Conservation des donn\u00e9es<\/strong><\/h2>\n\n\n\n<p>Lorsque vous passez une commande via le Site Internet, nous conservons les Informations relatives \u00e0 la commande aussi longtemps que n\u00e9cessaire \u00e0 l&rsquo;ex\u00e9cution de nos prestations ou aussi longtemps que les lois en vigueur l&rsquo;exigent. Au terme de cette p\u00e9riode, les donn\u00e9es \u00e0 caract\u00e8re personnel vous concernant seront effac\u00e9es.<\/p>\n\n\n\n<h2 class=\"wp-block-heading\"><strong>Modifications<\/strong><\/h2>\n\n\n\n<p>Nous sommes en droit de modifier ponctuellement la pr\u00e9sente Politique de confidentialit\u00e9, par exemple, afin de refl\u00e9ter des changements dans nos pratiques ou pour toute autre raison d&rsquo;ordre op\u00e9rationnel, l\u00e9gal ou r\u00e9glementaire.<\/p>\n\n\n\n<h2 class=\"wp-block-heading\"><strong>Contactez-nous<\/strong><\/h2>\n\n\n\n<p>Pour plus d&rsquo;informations sur nos pratiques en mati\u00e8re de confidentialit\u00e9, pour toute question ou r\u00e9clamation, veuillez nous contacter \u00e0 l&rsquo;adresse mail suivante : gaetan.schultz@hotmail.fr.<\/p>\n","protected":false},"excerpt":{"rendered":"<p>La protection de votre vie priv\u00e9e est primordiale aux yeux de Model3D. Nous veillons \u00e0 la protection de votre vie priv\u00e9e lors de vos visites sur notre site Internet ou des commandes que vous passez en ligne. Model3D fournit des produits et services et agit en qualit\u00e9 de Responsable du traitement des donn\u00e9es \u00e0 caract\u00e8re [&hellip;]<\/p>\n","protected":false},"author":1,"featured_media":0,"parent":0,"menu_order":0,"comment_status":"closed","ping_status":"open","template":"","meta":{"footnotes":""},"class_list":["post-3","page","type-page","status-publish","hentry"],"_links":{"self":[{"href":"http:\/\/model3d.fr\/index.php?rest_route=\/wp\/v2\/pages\/3","targetHints":{"allow":["GET"]}}],"collection":[{"href":"http:\/\/model3d.fr\/index.php?rest_route=\/wp\/v2\/pages"}],"about":[{"href":"http:\/\/model3d.fr\/index.php?rest_route=\/wp\/v2\/types\/page"}],"author":[{"embeddable":true,"href":"http:\/\/model3d.fr\/index.php?rest_route=\/wp\/v2\/users\/1"}],"replies":[{"embeddable":true,"href":"http:\/\/model3d.fr\/index.php?rest_route=%2Fwp%2Fv2%2Fcomments&post=3"}],"version-history":[{"count":2,"href":"http:\/\/model3d.fr\/index.php?rest_route=\/wp\/v2\/pages\/3\/revisions"}],"predecessor-version":[{"id":109,"href":"http:\/\/model3d.fr\/index.php?rest_route=\/wp\/v2\/pages\/3\/revisions\/109"}],"wp:attachment":[{"href":"http:\/\/model3d.fr\/index.php?rest_route=%2Fwp%2Fv2%2Fmedia&parent=3"}],"curies":[{"name":"wp","href":"https:\/\/api.w.org\/{rel}","templated":true}]}}